. Suppose z*y - 2*y + 22 = 0. Let d(j) = -29*j - 17. Let u be d(-4). What is the highest common divisor of u and y?
11
Let a be (4004/78)/((-6)/45*-5). Suppose -v = 3*z + 2*z + 20, -v + z = -4. Suppose n + 0*n - 7 = v. What is the greatest common factor of a and n?
7
Suppose 4*w = 4*s + 2*w - 50, -3*s - 2*w = -48. Let y = -13880 - -14454. Calculate the greatest common factor of y and s.
14
Let f(a) = -4*a - 6 - 2*a - 3*a**2 + 2*a**2. Let s = 15998 - 16002. Let c be f(s). Calculate the highest common divisor of c and 16.
2
Suppose -198*w - 107432 = -856268. Calculate the greatest common factor of 62 and w.
62
Let m = 154 - 160. Let z be 16/(-24) - 118/m. Calculate the highest common divisor of 133 and z.
19
Let s be ((-140)/(-3))/(100/150). What is the highest common divisor of 3040 and s?
10
Let m(n) be the third derivative of -31*n**4/24 - 4*n**3/3 - 23*n**2. Let i be m(2). Let s = i - -82. Calculate the greatest common divisor of s and 48.
12
Let w be (-3 - 5)*((-3)/12)/1. Suppose 5*x - 6*x - 2 = 0, -w*f + 70 = 4*x. Let p = 575 + -224. What is the greatest common divisor of f and p?
39
Suppose 4*d = 131 - 19. Suppose -u = d - 33. Suppose 3*x + u*s = -18 + 106, -s + 110 = 5*x. Calculate the greatest common divisor of 273 and x.
21
Let g(r) be the first derivative of 47*r**2/2 + 203*r - 310. Let d be g(-4). Calculate the highest common divisor of 33 and d.
3
Suppose 3*m - 154*y = -149*y + 189, 5*m - 278 = -4*y. Calculate the greatest common factor of m and 66.
2
Let l = 10249 - 9724. Calculate the highest common factor of 672 and l.
21
Suppose 3*g = 2*t - 158 + 914, g = 5*t + 278. Let a be (2 - 2)/3 + 8. What is the highest common divisor of a and g?
8
Let p be 620844/285 - 2/20*4. What is the greatest common factor of p and 27?
9
Let g = -65 + 69. Suppose 4 = -4*q, -t = g*t + 5*q - 60. Let s(h) = -h**2 + 29*h - 26. Let v be s(t). Calculate the greatest common divisor of v and 26.
26
Let x be -3 + (-4 - -905) + -2. Suppose x = 10*m - 1654. Let h(y) = -2*y**3 + 2*y + 3. Let g be h(-2). What is the highest common divisor of g and m?
15
Let p be ((-4)/(-6))/((-968)/(-483) + -2). Let b = -1898 - -1967. Calculate the highest common factor of p and b.
23
Let d(t) = -69*t - 218. Let n be d(-4). Calculate the greatest common factor of 1885 and n.
29
Let d be ((-3492)/8)/(2/(48/9)). Let w be (-3)/9 - (d/9)/4. Calculate the greatest common factor of w and 544.
32
Let r(q) = 5*q - 6. Let v be r(6). Let d be 13/(78/v) + 129. What is the greatest common divisor of 57 and d?
19
Suppose -37785 - 253 = -22*f. What is the highest common factor of 1995 and f?
133
Let a(j) = -1534*j - 1113. Let z be a(-5). Calculate the highest common factor of 79 and z.
79
Let w(f) = 46*f**2 + 207*f - 418. Let z be w(2). What is the greatest common factor of z and 84?
12
Suppose -153881 = -1666*f + 1654*f + 247. What is the greatest common divisor of f and 76?
76
Let t be ((-5)/10)/(1/(-72)). Let j = 86421 - 86358. Calculate the greatest common factor of j and t.
9
Let h(t) = -t**3 - 24*t**2 + 25*t + 12. Let g be h(-25). Suppose -2*a = -l - 207, 0 = -4*l - g - 0. Calculate the highest common divisor of 6 and a.
6
Suppose -3502 = -5*l - x, 4*x - 804 = -5*l + 2704. What is the greatest common divisor of l and 672?
28
Let l = 1223 - 649. Let u(w) = -5*w**2 - 1212*w - 4049. Let x be u(-239). What is the highest common divisor of x and l?
14
Suppose q - 2 - 20 = 0. Let l = q + -11. Let h be (-22)/((-36)/48*40/165). Calculate the highest common factor of h and l.
11
Let u be 45*-1*(0 - -2*(-240)/50). Calculate the highest common factor of u and 800.
16
Let f(v) = -144*v**3 - 2*v**2 - 33*v - 34. Let l be f(-1). What is the greatest common divisor of 2491 and l?
47
Let h = -23 - 119. Let r = -133 - h. What is the highest common divisor of 1 and r?
1
Suppose 1643*g - 1676*g + 990 = 0. Calculate the highest common factor of 1614 and g.
6
Suppose 2339 = 17*f - 14*f + 2*y, -2*f = 2*y - 1564. What is the highest common divisor of 403 and f?
31
Suppose 2*a + 50 = -5*m, -2*a + 23 - 79 = 2*m. Let j be ((-2376)/(-180))/((-4)/a). What is the highest common factor of 55 and j?
11
Let h be 27/(54/(-12) + 5). Let b = 154 + 440. What is the greatest common factor of b and h?
54
Suppose 3*w - 347 = -4*d + 209, -4*d - 980 = -5*w. What is the highest common factor of w and 2592?
96
Let n = -8387 + 8725. What is the greatest common factor of n and 598?
26
Let x(l) = 3*l - 25. Let b(h) = 3*h**3 + 4*h**2 - 10*h + 10. Let m be b(2). Let a be x(m). What is the greatest common divisor of a and 52?
13
Let i(p) = -2*p**2 - 142*p + 186. Let o be i(-72). Let m(l) = -16*l**2 - 4*l. Let q be m(-6). Let s = q + 888. What is the highest common divisor of o and s?
42
Let r = 658 - 632. Suppose -80 = -36*q + r*q. Let k be (-1 - 1) + 6*15. Calculate the highest common factor of q and k.
8
Let l(x) = -x**3 + 6*x**2 - 86*x - 694. Let j be l(-12). What is the greatest common factor of j and 20?
10
Suppose 115*v - 153617 = 104*v - 1949. What is the highest common factor of v and 36?
36
Let a be 1432/(-20) + 1/(15/9). Let p = 76 + a. Suppose 0 = k + p - 17. What is the greatest common divisor of 96 and k?
12
Let y(k) = 16 + 0 + 38*k + 53 + 22*k. Let l be y(0). What is the highest common factor of 161 and l?
23
Suppose 0 = 7*f - 11*f. Suppose q - 2*q + 4*h + 7 = f, -5*h = 5. Let w be (7 - 0/1)*q. What is the greatest common factor of w and 3?
3
Suppose 10372*z - 1440 = 10357*z. What is the highest common divisor of z and 1524?
12
Let b be 145/15 + (-2)/(-6). Let l be 908/6 + (-26)/(-39). Let k = l + -147. What is the highest common factor of k and b?
5
Let v(f) = f**3 + 36*f**2 + 47*f - 60. Let h be v(-35). Let t = 485 + h. Calculate the greatest common factor of t and 145.
5
Let i(s) = -278*s**3 + s**2 + 4*s + 1. Let c be i(-1). What is the greatest common factor of c and 84?
12
Let b = 27 + -37. Let h = 11 - b. Suppose -2*f = -3*c + 439, -5*c = -f - 729 - 5. Calculate the highest common factor of h and c.
21
Suppose -25 = 4*i - 613. Let a be (-9 - (-1 + -8))/1. Suppose -2*g + 2*u = -297 + 101, a = 3*u. What is the greatest common divisor of g and i?
49
Let m be (4 - -14)/(-5 + 11). Calculate the greatest common divisor of 48 and m.
3
Suppose -3*i - 445*w = -447*w - 2384, -4*i - 2*w + 3174 = 0. Calculate the highest common factor of 8 and i.
2
Let j = -15575 + 15587. Calculate the greatest common divisor of 4854 and j.
6
Let u be 1532/5*31 - (-24)/40*1. Calculate the greatest common divisor of u and 322.
161
Suppose -4*l = -66*t + 61*t - 61665, 4*l + 5*t - 61735 = 0. Calculate the highest common factor of 25 and l.
25
Let d(t) = 137*t + 3339. Let w be d(-24). Calculate the greatest common divisor of w and 5508.
51
Let u be 5 - 12 - (8 + -10 + -10). Suppose 2*l - 43 = 3*s - 14, -5*l + 3*s = -59. Calculate the highest common factor of l and u.
5
Let p = 39 + -36. Suppose -p*s + 0*s = -57. Let r = s + 8. Calculate the greatest common factor of r and 216.
27
Suppose -m = -71 + 3. Let s = 67 + 140. Suppose -s = -4*k - 3. What is the highest common factor of m and k?
17
Let l be ((-60)/16)/((-1)/12). Suppose 22*o - 846 = -25*o. Calculate the greatest common divisor of l and o.
9
Let v = -155252 + 155779. Let b(x) = -5*x**3 - 3*x**2 - 2*x - 1. Let i be b(-2). Calculate the greatest common factor of i and v.
31
Let i = 14 - -20. Let k = 38 - i. What is the greatest common factor of 28 and k?
4
Suppose 4*u = -9*p + 1100, 3*p = 5*u + 248 + 87. What is the greatest common factor of 25 and p?
5
Let g be (345/25 + 7)*(9/6 - -1). Calculate the highest common divisor of 3796 and g.
52
Let j = 260 + -239. Let p be 10/(-70) - (-2460)/j. Calculate the highest common divisor of p and 65.
13
Let t = -36113 + 54994. What is the greatest common divisor of 79 and t?
79
Suppose -10015 + 18535 = 93*p - 15846. What is the greatest common divisor of 3799 and p?
131
Let k be (-29450)/(-55) + -11*(-36)/726. What is the greatest common divisor of k and 3350?
134
Suppose -f + 1316 = 771. What is the greatest common factor of f and 109?
109
Let c(m) = m + 34. Let f be c(-13). Suppose -5*n - 630 = -3*s, 3*s = -3*n - 2*n + 630. Suppose -8*h + 2*h = -s. Calculate the highest common factor of h and f.
7
Let g = 5791 - 5773. Calculate the greatest common 